{"id":12683,"date":"2022-04-10T20:25:47","date_gmt":"2022-04-10T20:25:47","guid":{"rendered":"https:\/\/autogalerie-bayern.de\/?page_id=12683"},"modified":"2024-05-05T14:34:13","modified_gmt":"2024-05-05T14:34:13","slug":"datenschutz","status":"publish","type":"page","link":"https:\/\/autogalerie-bayern.de\/index.php\/datenschutz\/","title":{"rendered":"Datenschutzerkl\u00e4rung"},"content":{"rendered":"\t\t<div data-elementor-type=\"wp-page\" data-elementor-id=\"12683\" class=\"elementor elementor-12683\">\n\t\t\t\t\t\t\t\t\t<section class=\"elementor-section elementor-top-section elementor-element elementor-element-2ead elementor-section-boxed elementor-section-height-default elementor-section-height-default\" data-id=\"2ead\" data-element_type=\"section\">\n\t\t\t\t\t\t<div class=\"elementor-container elementor-column-gap-default\">\n\t\t\t\t\t<div class=\"elementor-column elementor-col-100 elementor-top-column elementor-element elementor-element-5fc4\" data-id=\"5fc4\" data-element_type=\"column\">\n\t\t\t<div class=\"elementor-widget-wrap elementor-element-populated\">\n\t\t\t\t\t\t\t\t<div class=\"elementor-element elementor-element-6c32 elementor-widget elementor-widget-cdhl_section-title\" data-id=\"6c32\" data-element_type=\"widget\" data-widget_type=\"cdhl_section-title.default\">\n\t\t\t\t<div class=\"elementor-widget-container\">\n\t\t\t<div class=\"cdhl_section-title_wrapper\">\n\t<div class=\"section-title text-center style_1\" id=\"6c32\">\n\t\t\t<span class=\"sub-title\"><\/span>\n\t\t<h2 class=\"main-title\">\n\t\t\t \t\t<\/h2>\n\t\t\t\t\t<div class=\"separator\"><\/div>\n\t\t\t\t<\/div>\n<\/div>\n\t\t<\/div>\n\t\t\t\t<\/div>\n\t\t\t\t<div class=\"elementor-element elementor-element-7d83 elementor-widget elementor-widget-text-editor\" data-id=\"7d83\" data-element_type=\"widget\" data-widget_type=\"text-editor.default\">\n\t\t\t\t<div class=\"elementor-widget-container\">\n\t\t\t<style>\/*! elementor - v3.6.2 - 04-04-2022 *\/\n.elementor-widget-text-editor.elementor-drop-cap-view-stacked .elementor-drop-cap{background-color:#818a91;color:#fff}.elementor-widget-text-editor.elementor-drop-cap-view-framed .elementor-drop-cap{color:#818a91;border:3px solid;background-color:transparent}.elementor-widget-text-editor:not(.elementor-drop-cap-view-default) .elementor-drop-cap{margin-top:8px}.elementor-widget-text-editor:not(.elementor-drop-cap-view-default) .elementor-drop-cap-letter{width:1em;height:1em}.elementor-widget-text-editor .elementor-drop-cap{float:left;text-align:center;line-height:1;font-size:50px}.elementor-widget-text-editor .elementor-drop-cap-letter{display:inline-block}<\/style>\t\t\t\t<p><span style=\"text-decoration: underline;\"><strong>Autogalerie Bayern<\/strong><\/span><\/p><p>Addresse: Benno-Strau\u00df-Stra\u00dfe 3, 90768 F\u00fcrth, Deutschland<\/p><p><span style=\"text-decoration: underline;\"><strong>Kontakt<\/strong><\/span><\/p><p>Tel: +49 (0)911 62147180<\/p><p>Tel: +49 (0)911 6214715<\/p><p>Fax: +49 (0)911 62147180<\/p><p>Mobiltelefon: +49 (0)176 63345794<\/p><p>email: kontakt@autogalerie-bayern.de<\/p><p><span style=\"text-decoration: underline;\"><strong>\u00a0<\/strong><\/span><\/p>\t\t\t\t\t\t<\/div>\n\t\t\t\t<\/div>\n\t\t\t\t<div class=\"elementor-element elementor-element-b00 elementor-widget elementor-widget-text-editor\" data-id=\"b00\" data-element_type=\"widget\" data-widget_type=\"text-editor.default\">\n\t\t\t\t<div class=\"elementor-widget-container\">\n\t\t\t\t\t\t\t<p><span style=\"text-decoration: underline;\"><strong>Wir achten auf den Schutz und Sicherheit Ihrer pers\u00f6nlichen Daten.<br \/><\/strong><\/span><\/p><p>Sie werden dar\u00fcber informiert, welche Art von Daten erfasst und zu welchem Zweck sie erhoben werden. Wenn Sie sich diesen Internetauftritt\/ die Homepage unserer Firma nur zur Information anschauen, werden keine personenbezogenen Daten von Ihnen erhoben oder gespeichert. Beachten Sie aber bitte, dass unter Umst\u00e4nden Ihr Web-Browser, abh\u00e4ngig von Ihren Einstellungen, Daten an uns \u00fcbermitteln k\u00f6nnte, um Ihnen den Besuch unserer Website zu erm\u00f6glichen. Hierbei kann es sich z.B. um folgende Daten handeln: IP- Adresse, Datum und Uhrzeit des Aufrufens unserer Internetseite, ggf. mit Vermerk der Zeitzone, Zugriffstatus\/HTTP- Statuscode, jeweils \u00fcbertragene Datenmenge, Browser, Betriebssystem und dessen Oberfl\u00e4che und Sprache und Version der Browsersoftware.<\/p>\t\t\t\t\t\t<\/div>\n\t\t\t\t<\/div>\n\t\t\t\t<div class=\"elementor-element elementor-element-5f39 elementor-widget elementor-widget-text-editor\" data-id=\"5f39\" data-element_type=\"widget\" data-widget_type=\"text-editor.default\">\n\t\t\t\t<div class=\"elementor-widget-container\">\n\t\t\t\t\t\t\t<p>Der Provider der Seiten erhebt und speichert automatisch Informationen in so genannten Server-Log-Dateien, die Ihr Browser automatisch an uns \u00fcbermittelt. <span style=\"text-decoration: underline;\"><strong><br \/><\/strong><\/span><\/p><p>Die automatisch gespeicherte Informationen sind:<\/p><ul><li>IP-Adresse<\/li><li>Uhrzeit der Serveranfrage<\/li><li>Hostname des zugreifenden Rechners<\/li><li>Referrer URL<\/li><li>verwendetes Betriebssystem<\/li><li>Browsertyp und Browserversion<\/li><\/ul><p>\u00a0<\/p><p>\u00a0<\/p>\t\t\t\t\t\t<\/div>\n\t\t\t\t<\/div>\n\t\t\t\t<div class=\"elementor-element elementor-element-197e elementor-widget elementor-widget-text-editor\" data-id=\"197e\" data-element_type=\"widget\" data-widget_type=\"text-editor.default\">\n\t\t\t\t<div class=\"elementor-widget-container\">\n\t\t\t\t\t\t\t<p><span style=\"text-decoration: underline;\"><strong>Session-Cookies<\/strong><\/span><\/p><p>Die Internetseiten verwenden teilweise so genannte Cookies. Cookies richten auf Ihrem Rechner keinen Schaden an und enthalten keine Viren. Cookies dienen dazu, unser Angebot nutzerfreundlicher, effektiver und sicherer zu machen. Cookies sind kleine Textdateien, die auf Ihrem Rechner abgelegt werden und die Ihr Browser speichert.<\/p><p>Sie k\u00f6nnen Ihren Browser so einstellen, dass Sie \u00fcber das Setzen von Cookies informiert werden und Cookies nur im Einzelfall erlauben, die Annahme von Cookies f\u00fcr bestimmte F\u00e4lle oder generell ausschlie\u00dfen sowie das automatische L\u00f6schen der Cookies beim Schlie\u00dfen des Browser aktivieren. Bei der Deaktivierung von Cookies kann die Funktionalit\u00e4t dieser Website eingeschr\u00e4nkt sein.<\/p><p>Cookies, die zur Durchf\u00fchrung des elektronischen Kommunikationsvorgangs oder zur Bereitstellung bestimmter, von Ihnen erw\u00fcnschter Funktionen erforderlich sind, werden auf Grundlage von Art. 6 Abs. 1 lit. f DSGVO gespeichert. Der Websitebetreiber hat ein berechtigtes Interesse an der Speicherung von Cookies zur technisch fehlerfreien und optimierten Bereitstellung seiner Dienste. Eine Zusammenf\u00fchrung dieser Daten mit anderen Datenquellen wird nicht vorgenommen.<\/p><p>Grundlage f\u00fcr die Datenverarbeitung ist Art. 6 Abs. 1 lit. f DSGVO, der die Verarbeitung von Daten zur Erf\u00fcllung eines Vertrags oder vorvertraglicher Ma\u00dfnahmen gestattet.<\/p><p>Die meisten der von uns verwendeten Cookies sind so genannte \u201cSession-Cookies\u201d. Sie werden nach Ende Ihres Besuchs automatisch gel\u00f6scht. Andere Cookies bleiben auf Ihrem Endger\u00e4t gespeichert bis Sie diese l\u00f6schen. Diese Cookies erm\u00f6glichen es uns, Ihren Browser beim n\u00e4chsten Besuch wiederzuerkennen.<\/p><p>\u00a0<\/p>\t\t\t\t\t\t<\/div>\n\t\t\t\t<\/div>\n\t\t\t\t<div class=\"elementor-element elementor-element-f1f2dde elementor-widget elementor-widget-text-editor\" data-id=\"f1f2dde\" data-element_type=\"widget\" data-widget_type=\"text-editor.default\">\n\t\t\t\t<div class=\"elementor-widget-container\">\n\t\t\t\t\t\t\t<p><span style=\"text-decoration: underline;\"><strong>Nutzung und Verarbeitung der pers\u00f6nlicher Daten<br \/><\/strong><\/span><\/p><p>Pers\u00f6nliche Daten werden im \u00dcbrigen nur verarbeitet, wenn Sie uns diese Angaben freiwillig mitteilen, und soweit es zur Bearbeitung z.B. einer Anfrage per EMail oder per Fax erforderlich ist. EMail werden in der Regel bis zu 6 Monate gespeichert bzw. verwendet um mit Ihnen zu kommunizieren. Ohne Ihr Einverst\u00e4ndnis geben wir Ihre Kontaktdaten nicht an Dritte weiter. Beachten Sie bitte, dass die Kommunikation mittels EMail nicht zwingend vor dem Zugriff unberechtigter Dritter gesch\u00fctzt ist. Wir weisen darauf hin, dass wir kein Verschl\u00fcsselungsprogramm f\u00fcr EMails verwenden. F\u00fcr eine sichere Kommunikation empfehlen wir die Kontaktaufnahme per Brief.<\/p><p>Beachten Sie bitte auch, wenn Sie per Mail oder telefonisch einen Besichtigung-\/ Beratungstermin vereinbaren Ihr Name und Ihre Telefonnummer in unserer Software gespeichert werden kann. Anfragen per Fax, welche nicht zu einem Fahrzeug An-\/ oder Verkauf f\u00fchren, werden innerhalb eines Monates vernichtet.<\/p>\t\t\t\t\t\t<\/div>\n\t\t\t\t<\/div>\n\t\t\t\t<div class=\"elementor-element elementor-element-6822f25 elementor-widget elementor-widget-text-editor\" data-id=\"6822f25\" data-element_type=\"widget\" data-widget_type=\"text-editor.default\">\n\t\t\t\t<div class=\"elementor-widget-container\">\n\t\t\t\t\t\t\t<p><span style=\"text-decoration: underline;\"><strong>Weitere Kentnisnahmenm\u00f6glichkeit Dritter<br \/><\/strong><\/span><\/p><p>Wir weisen ebenfalls darauf hin, dass von uns Beauftragte f\u00fcr die Wartung unserer Soft-\/ Hardware unter Umst\u00e4nden Ihre Emails sowie die von Ihnen bei uns gespeicherten Daten und die Kommunikation mit Ihnen einsehen k\u00f6nnen.<\/p><p>\u00a0<\/p>\t\t\t\t\t\t<\/div>\n\t\t\t\t<\/div>\n\t\t\t\t<div class=\"elementor-element elementor-element-add7069 elementor-widget elementor-widget-text-editor\" data-id=\"add7069\" data-element_type=\"widget\" data-widget_type=\"text-editor.default\">\n\t\t\t\t<div class=\"elementor-widget-container\">\n\t\t\t\t\t\t\t<p><span style=\"text-decoration: underline;\"><strong>Auskunft, \u00c4nderung und L\u00f6schung Ihrer Daten<br \/><\/strong><\/span><\/p><p>Sie haben im Rahmen der geltenden gesetzlichen Bestimmungen jederzeit das Recht auf unentgeltliche Auskunft \u00fcber Ihre gespeicherten personenbezogenen Daten, deren Herkunft und Empf\u00e4nger und den Zweck der Datenverarbeitung und ggf. ein Recht auf Berichtigung, Sperrung oder L\u00f6schung dieser Daten. Hierzu sowie zu weiteren Fragen zum Thema personenbezogene Daten k\u00f6nnen Sie sich jederzeit unter der im Impressum angegebenen Adresse an uns wenden.<\/p><p>Sofern Sie uns bei einem pers\u00f6nlichen Beratungs-\/ Besichtigungstermin f\u00fcr den Kauf eines Fahrzeuges entscheiden, erfolgt im Rahmen des Verkaufsgespr\u00e4ches eine weitergehende datenschutzrechtliche Information.<\/p><p>\u00a0<\/p>\t\t\t\t\t\t<\/div>\n\t\t\t\t<\/div>\n\t\t\t\t\t<\/div>\n\t\t<\/div>\n\t\t\t\t\t\t\t<\/div>\n\t\t<\/section>\n\t\t\t\t\t\t\t<\/div>\n\t\t","protected":false},"excerpt":{"rendered":"<p>Autogalerie Bayern Addresse: Benno-Strau\u00df-Stra\u00dfe 3, 90768 F\u00fcrth, Deutschland Kontakt Tel: +49 (0)911 62147180 Tel: +49 (0)911 6214715 Fax: +49 (0)911 62147180 Mobiltelefon: +49 (0)176 63345794 email: kontakt@autogalerie-bayern.de \u00a0 Wir achten auf den Schutz und Sicherheit Ihrer pers\u00f6nlichen Daten. Sie werden dar\u00fcber informiert, welche Art von Daten erfasst und zu welchem Zweck sie erhoben werden. Wenn [&hellip;]<\/p>\n","protected":false},"author":1,"featured_media":0,"parent":0,"menu_order":0,"comment_status":"closed","ping_status":"closed","template":"templates\/cadealer-elementor-full-width.php","meta":{"footnotes":""},"class_list":["post-12683","page","type-page","status-publish","hentry"],"yoast_head":"<!-- This site is optimized with the Yoast SEO plugin v18.5.1 - https:\/\/yoast.com\/wordpress\/plugins\/seo\/ -->\n<title>Datenschutzerkl\u00e4rung - Autogalerie Bayern<\/title>\n<meta name=\"robots\" content=\"noindex, follow, max-snippet:-1, max-image-preview:large, max-video-preview:-1\" \/>\n<meta property=\"og:locale\" content=\"en_US\" \/>\n<meta property=\"og:type\" content=\"article\" \/>\n<meta property=\"og:title\" content=\"Datenschutzerkl\u00e4rung - Autogalerie Bayern\" \/>\n<meta property=\"og:description\" content=\"Autogalerie Bayern Addresse: Benno-Strau\u00df-Stra\u00dfe 3, 90768 F\u00fcrth, Deutschland Kontakt Tel: +49 (0)911 62147180 Tel: +49 (0)911 6214715 Fax: +49 (0)911 62147180 Mobiltelefon: +49 (0)176 63345794 email: kontakt@autogalerie-bayern.de \u00a0 Wir achten auf den Schutz und Sicherheit Ihrer pers\u00f6nlichen Daten. Sie werden dar\u00fcber informiert, welche Art von Daten erfasst und zu welchem Zweck sie erhoben werden. Wenn [&hellip;]\" \/>\n<meta property=\"og:url\" content=\"https:\/\/autogalerie-bayern.de\/index.php\/datenschutz\/\" \/>\n<meta property=\"og:site_name\" content=\"Autogalerie Bayern\" \/>\n<meta property=\"article:modified_time\" content=\"2024-05-05T14:34:13+00:00\" \/>\n<meta name=\"twitter:card\" content=\"summary_large_image\" \/>\n<meta name=\"twitter:label1\" content=\"Est. reading time\" \/>\n\t<meta name=\"twitter:data1\" content=\"3 minutes\" \/>\n<script type=\"application\/ld+json\" class=\"yoast-schema-graph\">{\"@context\":\"https:\/\/schema.org\",\"@graph\":[{\"@type\":\"WebSite\",\"@id\":\"https:\/\/autogalerie-bayern.de\/#website\",\"url\":\"https:\/\/autogalerie-bayern.de\/\",\"name\":\"Autogalerie Bayern\",\"description\":\"\",\"potentialAction\":[{\"@type\":\"SearchAction\",\"target\":{\"@type\":\"EntryPoint\",\"urlTemplate\":\"https:\/\/autogalerie-bayern.de\/?s={search_term_string}\"},\"query-input\":\"required name=search_term_string\"}],\"inLanguage\":\"en-US\"},{\"@type\":\"WebPage\",\"@id\":\"https:\/\/autogalerie-bayern.de\/index.php\/datenschutz\/#webpage\",\"url\":\"https:\/\/autogalerie-bayern.de\/index.php\/datenschutz\/\",\"name\":\"Datenschutzerkl\u00e4rung - Autogalerie Bayern\",\"isPartOf\":{\"@id\":\"https:\/\/autogalerie-bayern.de\/#website\"},\"datePublished\":\"2022-04-10T20:25:47+00:00\",\"dateModified\":\"2024-05-05T14:34:13+00:00\",\"breadcrumb\":{\"@id\":\"https:\/\/autogalerie-bayern.de\/index.php\/datenschutz\/#breadcrumb\"},\"inLanguage\":\"en-US\",\"potentialAction\":[{\"@type\":\"ReadAction\",\"target\":[\"https:\/\/autogalerie-bayern.de\/index.php\/datenschutz\/\"]}]},{\"@type\":\"BreadcrumbList\",\"@id\":\"https:\/\/autogalerie-bayern.de\/index.php\/datenschutz\/#breadcrumb\",\"itemListElement\":[{\"@type\":\"ListItem\",\"position\":1,\"name\":\"Home\",\"item\":\"https:\/\/autogalerie-bayern.de\/\"},{\"@type\":\"ListItem\",\"position\":2,\"name\":\"Datenschutzerkl\u00e4rung\"}]}]}<\/script>\n<!-- \/ Yoast SEO plugin. -->","yoast_head_json":{"title":"Datenschutzerkl\u00e4rung - Autogalerie Bayern","robots":{"index":"noindex","follow":"follow","max-snippet":"max-snippet:-1","max-image-preview":"max-image-preview:large","max-video-preview":"max-video-preview:-1"},"og_locale":"en_US","og_type":"article","og_title":"Datenschutzerkl\u00e4rung - Autogalerie Bayern","og_description":"Autogalerie Bayern Addresse: Benno-Strau\u00df-Stra\u00dfe 3, 90768 F\u00fcrth, Deutschland Kontakt Tel: +49 (0)911 62147180 Tel: +49 (0)911 6214715 Fax: +49 (0)911 62147180 Mobiltelefon: +49 (0)176 63345794 email: kontakt@autogalerie-bayern.de \u00a0 Wir achten auf den Schutz und Sicherheit Ihrer pers\u00f6nlichen Daten. Sie werden dar\u00fcber informiert, welche Art von Daten erfasst und zu welchem Zweck sie erhoben werden. Wenn [&hellip;]","og_url":"https:\/\/autogalerie-bayern.de\/index.php\/datenschutz\/","og_site_name":"Autogalerie Bayern","article_modified_time":"2024-05-05T14:34:13+00:00","twitter_card":"summary_large_image","twitter_misc":{"Est. reading time":"3 minutes"},"schema":{"@context":"https:\/\/schema.org","@graph":[{"@type":"WebSite","@id":"https:\/\/autogalerie-bayern.de\/#website","url":"https:\/\/autogalerie-bayern.de\/","name":"Autogalerie Bayern","description":"","potentialAction":[{"@type":"SearchAction","target":{"@type":"EntryPoint","urlTemplate":"https:\/\/autogalerie-bayern.de\/?s={search_term_string}"},"query-input":"required name=search_term_string"}],"inLanguage":"en-US"},{"@type":"WebPage","@id":"https:\/\/autogalerie-bayern.de\/index.php\/datenschutz\/#webpage","url":"https:\/\/autogalerie-bayern.de\/index.php\/datenschutz\/","name":"Datenschutzerkl\u00e4rung - Autogalerie Bayern","isPartOf":{"@id":"https:\/\/autogalerie-bayern.de\/#website"},"datePublished":"2022-04-10T20:25:47+00:00","dateModified":"2024-05-05T14:34:13+00:00","breadcrumb":{"@id":"https:\/\/autogalerie-bayern.de\/index.php\/datenschutz\/#breadcrumb"},"inLanguage":"en-US","potentialAction":[{"@type":"ReadAction","target":["https:\/\/autogalerie-bayern.de\/index.php\/datenschutz\/"]}]},{"@type":"BreadcrumbList","@id":"https:\/\/autogalerie-bayern.de\/index.php\/datenschutz\/#breadcrumb","itemListElement":[{"@type":"ListItem","position":1,"name":"Home","item":"https:\/\/autogalerie-bayern.de\/"},{"@type":"ListItem","position":2,"name":"Datenschutzerkl\u00e4rung"}]}]}},"acf":[],"_links":{"self":[{"href":"https:\/\/autogalerie-bayern.de\/index.php\/wp-json\/wp\/v2\/pages\/12683","targetHints":{"allow":["GET"]}}],"collection":[{"href":"https:\/\/autogalerie-bayern.de\/index.php\/wp-json\/wp\/v2\/pages"}],"about":[{"href":"https:\/\/autogalerie-bayern.de\/index.php\/wp-json\/wp\/v2\/types\/page"}],"author":[{"embeddable":true,"href":"https:\/\/autogalerie-bayern.de\/index.php\/wp-json\/wp\/v2\/users\/1"}],"replies":[{"embeddable":true,"href":"https:\/\/autogalerie-bayern.de\/index.php\/wp-json\/wp\/v2\/comments?post=12683"}],"version-history":[{"count":11,"href":"https:\/\/autogalerie-bayern.de\/index.php\/wp-json\/wp\/v2\/pages\/12683\/revisions"}],"predecessor-version":[{"id":12727,"href":"https:\/\/autogalerie-bayern.de\/index.php\/wp-json\/wp\/v2\/pages\/12683\/revisions\/12727"}],"wp:attachment":[{"href":"https:\/\/autogalerie-bayern.de\/index.php\/wp-json\/wp\/v2\/media?parent=12683"}],"curies":[{"name":"wp","href":"https:\/\/api.w.org\/{rel}","templated":true}]}}